 169 = -3*l. Let r = -51 - y. Is r a prime number?
True
Suppose -m - 2 = -3*m, -2*m - 5754 = -2*b. Is b a composite number?
True
Let j(c) = 10*c - 2. Let o be j(1). Is ((-422)/3)/(o/(-12)) composite?
False
Let m(x) = -x**2 + 5*x - 2. Suppose 2 + 18 = 5*c. Let t be m(c). Suppose -t*y = 2*b - 110, -3*y + 269 = 5*b - y. Is b a composite number?
False
Let d be 2/(-6)*1*0. Suppose a = -d*a + 24. Is (-532)/(-3) - (-16)/a a prime number?
False
Let q be 9/3 - 3 - -1. Suppose -y = -2 + q. Is 2 + 145/y + -2 composite?
True
Suppose 17*o + 8540 = 15*o. Let a = o + 6173. Is a composite?
True
Suppose 0 = -5*q - 3*f + 93, q - 2*f - 13 - 3 = 0. Suppose 12*x = q*x - 966. Is x prime?
False
Let i(b) = 26*b**2 - 18*b - 1. Is i(-7) prime?
True
Suppose 0 = -s + 2*s + 3*x - 36, -56 = -2*s + 2*x. Suppose 0 = 7*c - 4*c + s. Let h = c + 167. Is h a composite number?
False
Let c be (-5)/(-4)*-2*-2. Let q = 2 + 0. Suppose 2*r = -2*j + 64, -q*r + 3*r = -c*j + 12. Is r prime?
True
Let h = -25316 + 47173. Is h a prime number?
False
Let y(a) = 53*a**3 + 5*a**2 - 15*a**2 - 51*a**3 - 15*a - 10. Is y(11) composite?
False
Let w = -59 - -51. Let x = -1 + -4. Is (-1676)/w + x/10 prime?
False
Let n(b) = b**3 + 13*b**2 - 7*b - 9. Let u be (-2 + 1)*4/4. Let w be -26*((-12)/(-8) + u). Is n(w) a composite number?
True
Suppose 2*g - 6*g = 0. Suppose g = -3*q - 3*w - 99, -5*q - 4*w = 87 + 76. Let s = -12 - q. Is s a composite number?
False
Is (93/372)/(1/(-69304)*-2) a composite number?
False
Suppose 3088 = u + 525. Is u a composite number?
True
Let y(q) be the third derivative of -q**5/60 - q**4/4 + 11*q**3/6 + q**2. Let k be y(-8). Let n(p) = 3*p**2 + 4*p - 4. Is n(k) composite?
True
Suppose -106990 = -5*u - 5*b, 14*u + 128394 = 20*u + 4*b. Is u a composite number?
False
Suppose 0 = 4*d + z + 2, -3*d + 2*z = 5*z + 6. Suppose -b - 2*b + 6 = d. Suppose b*v - 188 = 3*h, 3*h - 567 + 118 = -5*v. Is v prime?
False
Let x(n) be the third derivative of -25*n**4/24 - 11*n**3/6 + 10*n**2. Is x(-9) composite?
True
Suppose h = j - 3551, 5*j + 5*h - 11000 - 6755 = 0. Is j composite?
True
Let f = 74 - -393. Is f a composite number?
False
Let y be 188/(-3) - (-4)/(-12). Let c(m) = -18*m - 16. Let u be c(-9). Let p = u + y. Is p prime?
True
Let f be -1 + 36/4 - 4. Is (-49032)/(-120) + f/10 a prime number?
True
Suppose 9*l - 14*l = -22005. Let g = l + -2618. Is g composite?
False
Suppose 3*d + 12 = 3*t, -2*d - t - 2 = -d. Let o(z) = -11*z**3 + 4*z**2 + 2*z + 4. Is o(d) prime?
True
Suppose 2*z - 259 = 97. Suppose z = 5*k - 107. Is k prime?
False
Suppose -4*m + 3*m = 201. Suppose 3*s + 416 = 5*s. Let i = s - m. Is i composite?
False
Let m(t) = -338*t - 43. Is m(-9) composite?
False
Let v = -214757 - -339238. Is v a composite number?
True
Suppose -4726 = -v + 2071. Is v a prime number?
False
Is 910/260*(-45020)/(-14) prime?
False
Suppose -2*u - u + 6 = 2*r, 2*u - r - 4 = 0. Suppose -2*n = 7*q - u*q, 3*n = -2*q - 11. Is (-4962)/(-9) - n/(-15) prime?
False
Suppose 3*j - 1 = -2*x, j + j = 4*x - 10. Is ((-4704)/(-35))/((-6)/(-40)) + j a composite number?
True
Suppose 44480 = 8*b - 17448. Is b prime?
True
Suppose -b + 3*v + 10229 = 0, -2*b + 30983 = -5*v + 10527. Is b a composite number?
False
Suppose -5*l - 5178 + 22213 = 0. Is l prime?
True
Suppose 0 = 70*h - 72*h + 3922. Is h prime?
False
Suppose -4*c + 3*c = 0. Suppose 5*w + 5*x = 1145, -2*w + 3*x - 225 + 708 = c. Let g = w - 157. Is g prime?
False
Suppose 1 + 7 = 2*p. Suppose -v - p*v = -3755. Is v composite?
False
Is (-3)/(-2)*((-29639)/(-3) + 1) prime?
True
Suppose 4*n = 8*n - 24. Suppose -4*r = -n*r + 28. Is r a prime number?
False
Let x = 28971 - 13976. Is x composite?
True
Let g = -442 + -1514. Let t = g - -5159. Is t a composite number?
False
Let y = 45 + -43. Is 1 - y - (0 + -264) a composite number?
False
Let l(k) = -k**3 - 4*k**2 + 6*k + 12. Let g be l(-5). Suppose 2*f = 2*a + 262, -2*a = 3*f - g*a - 387. Is f a prime number?
False
Let f = -12 + 7. Is ((-71)/(-4))/(f/(-140)) a composite number?
True
Suppose 2*s = 3*s + 2. Let r be (16 - -988)*s/(-4). Is (r/(-3))/((-6)/9) a prime number?
True
Suppose 9*h - 5445 = 34398. Is h prime?
False
Suppose 7 = w - q, w + 3 = -q + 2. Suppose -2*o = 4, -w*n + 4*o - 90 = -2759. Is n prime?
True
Let r be ((-1)/(-1) + -13)/(9/(-9078)). Suppose 26*z - 18*z - r = 0. Is z composite?
True
Let c be -1*(3 - 2)*-4. Suppose 568 = -4*u - c*h, -h = -3*h - 10. Let k = u + 246. Is k prime?
True
Let f(o) = 2225*o**2 + 4*o + 56. Is f(-5) prime?
True
Is -1 - (-15992 - (7 - -3)/(-5)) a composite number?
True
Let d(v) = v - 7. Let g be d(-5). Let m = 18 + g. Is ((-188)/m)/(4/(-78)) composite?
True
Let g(z) be the first derivative of -2*z**5/3 - z**4/8 - 2*z**3 - 3. Let c(s) be the third derivative of g(s). Is c(-2) a prime number?
True
Suppose -w = -4 + 3. Let q(l) = 1657*l**2 - l + 1. Is q(w) prime?
True
Let p be -6 + 7/((-28)/(-16)) + -1. Let q(a) = 56*a**2 + a + 10. Is q(p) a composite number?
True
Suppose -8*u = -12*u + 8. Let a = u + -2. Let g(i) = -i**3 + 323. Is g(a) composite?
True
Let s = 59 - 68. Is (-645)/s - 4/6 composite?
False
Let i be ((-104)/20)/((-10)/25). Suppose -1690 = -i*c + 15*c. Let f = c + 1184. Is f composite?
True
Let u = 1310 + -932. Suppose -2*v + 5*c + 736 = 2*v, -5*c - u = -2*v. Is v composite?
False
Let x be (-51)/(-3)*1*-72. Let b = x - -3047. Is b prime?
True
Let q(t) = -4*t**3 + 2*t**2 - t - 2. Let w(z) = -z**3 - 9*z**2 + 10*z - 3. Let c = 21 + -31. Let m be w(c). Is q(m) prime?
True
Let l = -110 + 118. Is 2/l - ((-5611)/4 - -2) a composite number?
True
Let t be ((-2)/(2 + -1))/(4/(-6)). Is (t/(-6) + 2)*582/9 prime?
True
Suppose 2*s = 5*o + 5*s - 1933, 0 = 4*o - 5*s - 1576. Is o composite?
False
Suppose -2*p = 39 - 47. Let u(v) = 111*v + 3. Is u(p) prime?
False
Let i = -16 - -16. Suppose -6*q + 10*q + 28 = i. Is (-2 - -4) + (q - -58) composite?
False
Let d = -330 - -18559. Is d composite?
False
Let n be (-9)/(-5)*10/6. Suppose 0*z + c - 205 = -n*z, -3*z + 4*c + 185 = 0. Suppose -4*f = -3109 - z. Is f composite?
True
Suppose -106*j = -110*j + 19172. Let i = j + -2050. Is i a composite number?
True
Suppose 0*d = -7*d. Let y = 254 + d. Is y a composite number?
True
Let a(c) = c**2 + 6*c - 7. Let l be a(-7). Suppose l = q + 3, 3*y - 75 = -0*y - 5*q. Let s = y - 16. Is s a prime number?
False
Suppose -5*a = -a - 740. Let p = 478 - a. Is p prime?
True
Suppose 5*z - 2*w - 39 = 0, 0 = 3*z + 3*w - 15. Let r(n) = 9*n + 8. Is r(z) composite?
False
Suppose 0*n + n - 1654 = h, 3*n - 4966 = 2*h. Suppose -49*s = -47*s - n. Is s composite?
False
Suppose 4*c + 4923 = a, -5*c = 4*a - 9*c - 19668. Is a prime?
False
Let s be 52 + -2*6/(-3). Suppose -2*c - s = 2*c. Let f(b) = -b**2 - 35*b - 1. Is f(c) composite?
False
Let f(l) = 5*l**2 - 2*l - 1. Let b be f(1). Suppose 5*u + 3*m - b*m = 7706, -5*u + m = -7704. Is u a prime number?
False
Suppose f = 2*r - 4, 20 = f + 5*r + 3. Suppose -o + 664 = o. Suppose -2*z - f*z = -o. Is z a composite number?
False
Let z(b) = 22*b**2 - 29*b + 61. Is z(29) prime?
False
Suppose j + 2*l = 5*j - 54, -l - 5 = 0. Suppose -j*i = -13*i + 66. Is (319/(-3))/((-11)/i) a composite number?
True
Let n be 3 - (-11 + -2) - 1. Suppose 0*m - 3*m = -n. Is 3410/3 + m/15 a composite number?
True
Suppose i - 587 = 2*d + 82, i = -5*d + 683. Is i a composite number?
False
Let h = -5886 + 8374. Suppose -7*c + 10545 = h. Is c a prime number?
True
Suppose 12 = -4*k, -5*k = 2*p - 2*k + 11. Is (51080/16)/(p/(-2)) composite?
True
Let s = 17 - 21. Let v(l) be the second derivative of -l**5/20 - l**4/4 - 5*l**3/6 + l**2/2 + 5*l. Is v(s) prime?
True
Is (1*-1)/(4*12/(-95376)) a prime number?
True
Let f(y) = -26242*y + 5. Is f(-2) composite?
False
Suppose 5*o = 4*o + 94307. Is o prime?
True
Let s(o) = -o**2 - 7*o - 9. Let i be s(-4). Suppose -r = 3*g - i*r - 449, 5*g - 746 = r. Is g composite?
False
Let j(i) = -i - 1. Let q(u) = 42*u - 2. Suppose r = d + 1, 4*d - 3*d = -r - 3. Let t(m) = r*q(m) + 5*j(m). Is t(-4) a prime number?
False
Suppose -4*q + 3*q = 4*h - 17657, -h = -3*q + 52971. Is q composite?
False
Is (4397 - 4) + 9 + -5 a prime number?
True
Let l be 2/6 - (-10)/6. Suppose l*f = 10*f. Is f - 1 - 180/(-3) prime?
True
Suppose 4*y - 4*z = 26316, 5*z = -81 + 101. Is y prime?
False
Is 17/((-85)/3470)*(-82)